l**3 - 10*l**2 - 10*l + 10. Let b be o(-9). Suppose b*t = 14*t. What is the tens digit of (-6)/(-9) + t - (-241)/3?
8
Let b(d) = 1. Let q(a) = 43*a + 46. Let k(v) = 6*b(v) + q(v). What is the hundreds digit of k(5)?
2
Let y(v) = -135*v + 4. Let c be y(-5). Let m be (-12)/(-48) - (1 + (-59)/4). Suppose m*i = 7*i + c. What is the units digit of i?
7
Suppose 0 = -o + 13 - 9. Suppose -22 = -6*f - o. What is the tens digit of 263/f + 4/12?
8
Suppose -4*s - 5*y + 53901 = 0, -53898 = 39*s - 43*s - 6*y. What is the tens digit of s?
7
Suppose 57 = 12*a - 3279. What is the hundreds digit of a?
2
Let n(q) = -4*q**3 + 12 + 14*q**2 - 72*q + 139*q + 3*q**2. What is the thousands digit of n(-6)?
1
Let l be (8/6)/(1/(15/5)). What is the tens digit of l/10 - (-14288)/80?
7
Let v be (-15)/((-225)/20)*9/2. Suppose -v*a - 1147 = -3073. What is the units digit of a?
1
Suppose -174*m = -302*m + 5120. What is the units digit of m?
0
Let m(y) = 595*y**3 + 48*y + 121. Let z(c) = 149*c**3 + 12*c + 30. Let w(k) = 2*m(k) - 9*z(k). What is the hundreds digit of w(-2)?
2
Let r = -18187 + 26450. What is the hundreds digit of r?
2
Let d = 1235 - -7222. What is the thousands digit of d?
8
Suppose -300350 = -40*f + 43130. What is the thousands digit of f?
8
Let a be (-8)/(-6) - (-4)/6. Suppose 4*o - 2*u - 244 = -4*u, -305 = -5*o - a*u. Suppose -o = -m + 4*b + 4, 283 = 5*m + b. What is the units digit of m?
7
Let m be 21/35 + (-796)/10. Let h = m - -79. What is the units digit of ((-2)/8 - h)*-428?
7
Suppose 0 = -7*o - 3*o + 20. Suppose m + 2*n - 1814 = 0, 1812 = 2*m + o*n - 1816. What is the units digit of m?
4
Suppose -3*z - 2*z = -2*s - 26, -4*s + 2*z = 36. Let j be 686/16 - s/64. Suppose 0 = 5*a - 187 - j. What is the units digit of a?
6
Let b be (-4)/((-48)/8019) - (-4)/(-16). Let d be b/44 + (6/33)/(-1). Suppose d*z = 16*z - 254. What is the hundreds digit of z?
2
What is the tens digit of 187 + 35/70 + (-10)/4?
8
Let n(h) = -h**3 - h**2 - h - 2. Let j be n(-2). Suppose 4*q - 3996 = -2*d, 0*q = -j*q + 3*d + 3976. What is the hundreds digit of q?
9
Suppose 65*d - 63*d = 942. Suppose 0 = 3*v + 3*q + q - d, 3*v - 486 = q. What is the units digit of v?
1
Suppose 5*a - 2241 = h, 2*h = 4*a + 4*h - 1790. Let k = a + -18. What is the hundreds digit of k?
4
Let j = 16086 - 7198. What is the tens digit of j?
8
Suppose -7*p - 10 + 59 = 0. Suppose -p*k = -73 - 18. What is the units digit of (-1 + k)/(-3) + 53?
9
Let r(f) = 21*f**3 - 4*f + 3. Let c(v) = 2*v - 21. Let t be c(11). Let q be r(t). Let k = q - -70. What is the units digit of k?
0
Let f = -24484 - -41271. What is the units digit of f?
7
Suppose 53*p - 32*p - 936075 = 0. What is the thousands digit of p?
4
Suppose -4*v - 62214 = -2*g, 155591 = 199*g - 194*g - 2*v. What is the hundreds digit of g?
1
Suppose 6*f - 56 = 28. Suppose -f - 200 = -h. Suppose 0*l = -2*l + h. What is the units digit of l?
7
Let t = -8734 - -15488. What is the hundreds digit of t?
7
Let h(z) = -7*z**3 + 22*z**2 - 8*z - 12. Let c(j) = -6*j**3 + 22*j**2 - 7*j - 11. Let d(a) = -5*c(a) + 4*h(a). What is the units digit of d(11)?
0
Suppose f - 114 = -4*j + 98, f - 5*j = 221. Let p(v) = v**2 - 8*v + 9. Let o be p(8). Suppose -o*z + 6*z = -f. What is the tens digit of z?
7
What is the thousands digit of -2*(1 + (-34906)/(-4))*4/(-10)?
6
Suppose 0 = -4*u + 3*k + 41040, -k + 40799 + 10482 = 5*u. Suppose -3627 = 17*g - u. What is the hundreds digit of g?
3
Let y = 281 - 273. Suppose t - 466 = y. What is the hundreds digit of t?
4
Let j(y) = 42*y**2 + 19*y**2 - y - 39*y**2 + 5 + 59*y**2. Let p be j(2). Suppose -3*k + 102 = -3*a - 228, -2*a - p = -3*k. What is the hundreds digit of k?
1
Let z = -504 + 1205. Let l = -174 + z. What is the units digit of l?
7
Let t(h) = -2*h**3 - 16*h**2 - h + 2. Let q be 8/(-6)*(8 - 2). Let o be t(q). What is the tens digit of (102 + 5 + 3)*4/o?
4
Let t(d) = 44*d**2 - 164*d + 2754. What is the thousands digit of t(19)?
5
Let a = 18064 - 7251. Suppose 0 = -9*x + a - 1048. What is the hundreds digit of x?
0
Suppose 3*n = 12, -4*b + 3*n - 14 + 2 = 0. Suppose 2*y + f - 427 = b, f - 834 = -4*y + 3*f. Suppose y = 3*i + 25. What is the tens digit of i?
6
Let o(b) = -122*b - 1 - 7*b**2 + b**2 + 2*b**2 + b**2. What is the units digit of o(-33)?
8
Let s = -36213 - -73184. What is the hundreds digit of s?
9
Let a(c) = -c**3 - 49*c**2 + 54*c - 987. What is the ten thousands digit of a(-58)?
2
Suppose 6777 = 5*n - 8673. Suppose 1218 - n = -p. Suppose -2*w - 7*w = -p. What is the units digit of w?
8
Let v be 1 + (49/35 - 6/15). Suppose 5*h - z - 1032 = 0, -h + 3*h = v*z + 416. What is the hundreds digit of h?
2
Let v(g) = g**2 + 36*g - 212. Let x be v(5). What is the tens digit of -5*x/105*918?
0
Suppose -5*z - 37*b = -33*b - 77435, -10 = -2*b. What is the ten thousands digit of z?
1
Suppose 11*n - 253696 = 11*n - 32*n. What is the thousands digit of n?
7
Let m(y) = 1077*y**2 - 444*y + 4. What is the hundreds digit of m(4)?
4
Suppose -5*i + 47687 = 49*q - 46*q, -q + 2*i + 15903 = 0. What is the hundreds digit of q?
8
Let k(b) = -422*b**3 - 4*b**2 - 41*b - 148. What is the hundreds digit of k(-4)?
9
Suppose -4*f + 3*z = -3*f + 143, 4*z = -5*f - 772. Let a = -221 + 123. What is the units digit of 35/a*f - 4/14?
4
Let u(c) = 315*c**2 - 2*c - 14. What is the units digit of u(4)?
8
Let x be 3 - (-85*15 + 1). Suppose -2*p = -5*p - 2*f + 769, -5*p + x = f. Let n = -133 + p. What is the hundreds digit of n?
1
Let o(k) = -66*k**3 + 12*k**2 - 17*k - 189. What is the hundreds digit of o(-8)?
5
Let u(j) = -j**2 - 4*j + 14. Let m(t) = -t**3 - 18 - 4*t**2 + 6*t + 6 + 11. Let k be m(-5). What is the units digit of u(k)?
2
Suppose i - 2*v - 570 = -v, 2289 = 4*i + 5*v. Let b = i - 184. What is the hundreds digit of b?
3
Let h(i) = 9859*i**2 - 3*i + 2. Let t be h(1). Suppose 4*o = 4*k - k + 7406, -4*k - t = 3*o. What is the units digit of 6 - k/42 - (-4)/14?
5
Let p be 2344*(-1)/2 - -9. Let m = p - -1928. What is the tens digit of m?
6
Let p be 19/(-2)*(-16)/2. Let f be -2 - (-12)/5 - (-277)/(-5). Let o = p + f. What is the units digit of o?
1
Suppose 11*k = -85 - 47. Let a = k - -298. What is the hundreds digit of a?
2
Let d = 25611 + -22228. What is the hundreds digit of d?
3
Suppose -3*d - 7 = a - d, 37 = 4*a - 5*d. Suppose 3*v + 2*p - 751 = 0, 13*v = 11*v - 5*p + 519. Suppose a*z - 47 = v. What is the units digit of z?
8
Suppose 2*t - 52251 = 2*c - 11407, c = 3. What is the tens digit of t?
2
Let k(g) = 4*g**2 + 1. Let n be k(1). Suppose -25 = w + 4*w, -n*w - 35 = -5*b. Suppose -q + 0*x - 2*x = -56, 0 = 5*q + b*x - 288. What is the units digit of q?
8
Let r = 81 - 64. Suppose z - 22 = -2*p + r, p = 4*z - 3. What is the tens digit of (-3)/((-12)/(-74))*(-68)/p?
7
Suppose 0 = -250*v + 251*v - 854. Suppose 2*a = -15*g + 19*g - v, 0 = -a - 1. What is the tens digit of g?
1
Let w = 21864 + -18543. What is the hundreds digit of w?
3
Let a(o) = 546*o**2 - 121*o - 605. What is the thousands digit of a(-5)?
3
Let r(t) = -4*t - 96. Let q be r(-25). What is the tens digit of 130/q*72/45?
5
Let x = 811 - -2960. Suppose -x = -m - 8*m. Suppose 10*a - 1231 = m. What is the units digit of a?
5
Suppose 0 = -c + 5, -558 = -3*m - 3*c + 12447. Suppose 53*l - 58*l + m = 0. What is the units digit of l?
6
Let c = 27998 + -7395. What is the tens digit of c?
0
Let x(y) = -10*y + y**2 + 2*y + 158 + 67. What is the hundreds digit of x(0)?
2
Let r = 784 + -374. Let j = 1152 - r. Suppose -j = -10*q + 948. What is the tens digit of q?
6
Let n = -44 - -45. Let l be (-11)/(-22)*(-195 - n). Let u = -12 - l. What is the tens digit of u?
8
Let p = -1504 + 2682. What is the thousands digit of p?
1
Let z be (-28)/(12 - 5) - (-601 + -1). Suppose -182*h = -180*h - z. What is the units digit of h?
9
Let w(p) be the third derivative of p**5/60 - p**4/3 + 9*p**3/2 + 11*p**2 + p. What is the units digit of w(22)?
5
What is the tens digit of (8432/(-40) + 2/(-10))/(24/(-600))?
7
Suppose 5*k + 0*k = 570. Suppose 2*z + 8 = 0, -5*z + 4*z = 5*s - 896. Let r = s - k. What is the units digit of r?
6
Let y(w) = -2*w + 3. Let u be y(2). Let h be ((2 - u) + -4)*(-195)/(-3). Let l = h + 189. What is the tens digit of l?
2
Let t = 260 + -277. What is the tens digit of -2*1 - (t - 544)?
5
Suppose -z + 4 = -v